{"id":61,"date":"2018-06-01T09:39:37","date_gmt":"2018-06-01T09:39:37","guid":{"rendered":"http:\/\/boesigergmbh.ch\/?page_id=61"},"modified":"2018-11-18T22:51:17","modified_gmt":"2018-11-18T22:51:17","slug":"werkstatt","status":"publish","type":"page","link":"https:\/\/boesigergmbh.ch\/?page_id=61","title":{"rendered":"Werkstatt"},"content":{"rendered":"<div id=\"cs-content\" class=\"cs-content\"><\/div>\n","protected":false},"excerpt":{"rendered":"<p>Wir bem\u00fchen uns, Ihnen stets einen einwandfreien Service zu bieten. Unsere Garage ist mit den modernsten Mitteln und Werkzeugen eingerichtet und laut Strassenumfrage f\u00fchlen sich die Autos bei uns sehr gut behandelt. Mit uns finden Sie den richtigen Ansprechpartner f\u00fcr alle Belange rund ums Auto. Langj\u00e4hrige Erfahrung und konstante Weiterbildung garantieren ein Knowhow, welches von den \u00e4lteren &#8222;mechanischen&#8220; bis zu &#8230; <a href=\"https:\/\/boesigergmbh.ch\/?page_id=61\" class=\"more-link\">Read More<\/a><\/p>\n","protected":false},"author":1,"featured_media":0,"parent":0,"menu_order":0,"comment_status":"closed","ping_status":"closed","template":"","meta":{"footnotes":""},"class_list":["post-61","page","type-page","status-publish","hentry","no-post-thumbnail"],"_links":{"self":[{"href":"https:\/\/boesigergmbh.ch\/index.php?rest_route=\/wp\/v2\/pages\/61","targetHints":{"allow":["GET"]}}],"collection":[{"href":"https:\/\/boesigergmbh.ch\/index.php?rest_route=\/wp\/v2\/pages"}],"about":[{"href":"https:\/\/boesigergmbh.ch\/index.php?rest_route=\/wp\/v2\/types\/page"}],"author":[{"embeddable":true,"href":"https:\/\/boesigergmbh.ch\/index.php?rest_route=\/wp\/v2\/users\/1"}],"replies":[{"embeddable":true,"href":"https:\/\/boesigergmbh.ch\/index.php?rest_route=%2Fwp%2Fv2%2Fcomments&post=61"}],"version-history":[{"count":6,"href":"https:\/\/boesigergmbh.ch\/index.php?rest_route=\/wp\/v2\/pages\/61\/revisions"}],"predecessor-version":[{"id":284,"href":"https:\/\/boesigergmbh.ch\/index.php?rest_route=\/wp\/v2\/pages\/61\/revisions\/284"}],"wp:attachment":[{"href":"https:\/\/boesigergmbh.ch\/index.php?rest_route=%2Fwp%2Fv2%2Fmedia&parent=61"}],"curies":[{"name":"wp","href":"https:\/\/api.w.org\/{rel}","templated":true}]}}